is the tens digit of j?
2
Let y = -597 - -870. What is the hundreds digit of y?
2
Suppose -20*g - 10584 = -24*g. What is the thousands digit of g?
2
Let f = 459 + 283. What is the tens digit of f?
4
Suppose i = -2*v + 3065, 0 = -4*i + 1 - 13. What is the tens digit of v?
3
What is the tens digit of 99048/108 - 3/27?
1
Let l(m) = -m**3 - 21*m**2 + 32*m - 34. What is the tens digit of l(-24)?
2
Let f(n) = 14*n**3 - 4*n**2 - 3*n - 7. Let a be f(-3). Let c = a - -736. Suppose 7*m - 12 - c = 0. What is the units digit of m?
8
What is the units digit of 13/(((-912)/183 + 5)/1)?
3
Let m = 2 - 8. Let h be (-4)/(-12) + (-244)/m. Let j = h + -10. What is the tens digit of j?
3
Suppose -z - 2443 = -2*m - 3*m, -m = z - 485. Suppose -4*v - 2*r = -m, -3*r = -5*v + r + 623. What is the tens digit of v?
2
Suppose 17*g - 14*g = -4*q + 1800, 0 = -5*q - 4*g + 2251. What is the tens digit of q?
4
Let r = -130 - -134. Suppose -z - 383 = -3*z + 3*d, -2*z + 348 = r*d. What is the hundreds digit of z?
1
Suppose -4*y - 5320 = -44*y. What is the units digit of y?
3
Let k(c) = 2244*c - 20. What is the tens digit of k(1)?
2
Let d be (12 + 0)/(-1) - 0. Let f be d/(-42) - 233/7. Let r = -11 - f. What is the tens digit of r?
2
Let a = 14 - 12. Let s be 0*1/(-2)*a. Suppose 6*p + 7 - 61 = s. What is the units digit of p?
9
Let g(x) = 9*x**3 - 4*x**2 + 2*x - 8. What is the hundreds digit of g(4)?
5
Suppose -1556*w = -1549*w - 7469. What is the tens digit of w?
6
Suppose 0 = 3*i + i + 3*k - 203, -5*i + 220 = -3*k. Suppose -45 = -t + i. What is the tens digit of t?
9
Let n be 0 + -4 + 0 + -16. Let l = n + 25. Suppose 0 = -l*d - 3*r + 399, 4*d - 166 = 2*d + 2*r. What is the units digit of d?
1
Suppose 380*y - 1212 = 379*y. What is the hundreds digit of y?
2
Let j(x) = -x**3 - 6*x**2 - 4*x - 5. Suppose -3*i + 10 = -i. Let n = i - 11. What is the units digit of j(n)?
9
Let v be (-2)/5*(52 + -2). Let a = v + 22. What is the units digit of a?
2
Suppose 0 = 5*y - 25. Suppose 4*v - y = -5*j, -4*v = -j - 0*v - 23. What is the units digit of (0 - -2) + j + 6?
5
Suppose -j + 55 + 59 = 0. What is the tens digit of j?
1
Let b(k) be the first derivative of 8/3*k**3 + 2 - 3*k - 1/4*k**4 - 3/2*k**2. What is the tens digit of b(7)?
2
Let j = -75 + 105. Let i(l) = -l + 13*l - 29*l**2 + 13 + j*l**2. What is the tens digit of i(-12)?
1
Let h(q) = -5*q - 3. Let c(l) = -7*l + 3. Let o(v) = 27*v - 12. Let d(m) = -15*c(m) - 4*o(m). Let k be d(5). What is the units digit of h(k)?
7
Let s = -19 - -30. Let x(d) = 0*d + s*d + 12 - 2*d + d**2. What is the tens digit of x(-9)?
1
Let o(k) = -113*k - 162. What is the thousands digit of o(-14)?
1
Suppose -50*h = -5*h - 4590. What is the hundreds digit of h?
1
Let m(y) = -32*y**3 + 3*y**2 + 1 + 4*y**3 - y**2 - 3*y**2. Let l be m(-1). What is the tens digit of 400/l - (-2)/(-7)?
1
Let v = -19 + 17. Let n = 6 + v. Suppose -2*u - 5*x - 14 = 0, n*u + x = 2*x + 16. What is the units digit of u?
3
Let n(p) = 5*p**3 + 18*p**2 - 3*p - 2. Let a(c) = -2*c**3 - 9*c**2 + c + 1. Let h(l) = -7*a(l) - 3*n(l). What is the tens digit of h(9)?
1
Let j(v) = 29*v + 32 - 16*v - 12*v. Let h be 2 + 0 + -1 + -1. What is the tens digit of j(h)?
3
Suppose 3*y - 1 - 1 = 2*r, r = 4*y - 1. Suppose y = 2*i - i - 5. Suppose 0 = -i*k + 13 + 57. What is the units digit of k?
4
Let b be 99/(-6)*(-1 - 1). Suppose 5*z - 37 = b. What is the tens digit of z?
1
Suppose -13*g + 5015 = -49325. What is the thousands digit of g?
4
Let y(t) = 8*t + 1. Let u be y(6). Suppose -19 = -2*f + u. What is the tens digit of f?
3
Let y(o) = -o**3 + 21*o**2 + 38*o + 12. What is the tens digit of y(20)?
7
Let t(i) = 0*i + 11 + 6*i + 30 + 0. What is the tens digit of t(17)?
4
Let p(i) = 114*i - 12. Let q be p(3). What is the units digit of 1/(-4) + q/40?
8
Let m be -4 + (-2 - (17 - -1)). Let k = 31 - m. What is the tens digit of k?
5
Suppose -6 = -2*l + 10. Suppose -3*r + 34 = 4*o, -5*r = -l*o + 3*o - 10. What is the units digit of r?
6
Let d(p) = 2*p - 8. Let x be d(5). Suppose 0*o - 4*o + 2*u + 16 = 0, -3*o = x*u - 12. Suppose 123 = -w + o*w. What is the tens digit of w?
4
Let h = 425 + 181. What is the hundreds digit of h?
6
Let c = 625 + 1385. What is the thousands digit of c?
2
Let o = 8 - 5. Let j(i) = i + 8. What is the tens digit of j(o)?
1
Let t(l) = l**3 + 11*l**2 - 9. Let v be t(-11). What is the tens digit of ((-3)/(-6))/(v/(-558))?
3
Suppose 0 = 5*f + 3*s - 9 - 6, s = 5. Suppose -2*j - 51 = -t - f*j, 0 = -4*t - 2*j + 194. What is the tens digit of t?
4
Let j be 0 - (2 + -6) - 10. Let n = j + 10. Suppose -p = 3, -8 = n*f + 5*p - 101. What is the tens digit of f?
2
Suppose 0*i = 2*i - 6. Suppose -i*j = -8*j. Suppose j = -5*u + 27 + 18. What is the units digit of u?
9
Let r(h) = -h**3 + 7*h**2 + 8*h + 2. Let n be r(8). Let z = 4 - n. Suppose -2*b = -z - 6. What is the units digit of b?
4
Let b = -9 - -24. Suppose b = 2*q + 3*q. Suppose 0 = q*k - 7*k + 112. What is the tens digit of k?
2
Let c(t) = 4*t**3 + 24*t**2 - t - 10. What is the tens digit of c(9)?
4
Let d = 4 + 0. Suppose -d*b + 390 = -4*n + b, -3*b = -3*n - 291. Let l = 140 + n. What is the tens digit of l?
4
Let q(r) = -r. Let x(p) = -4*p - 30. Let v(h) = -3*q(h) - x(h). What is the units digit of v(6)?
2
Suppose -783 = -6*h - 75. Let n = 255 - h. What is the tens digit of n?
3
Suppose -3*z = 2*z - 25. Suppose 0 = -k - 1 - z. Let m = k + 22. What is the units digit of m?
6
Let n = 17 - 23. Let q = 6 + n. What is the units digit of (-1)/(q - 4/136)?
4
Let c = -449 + 783. What is the hundreds digit of c?
3
Suppose -2*n + 2*g + 0*g - 78 = 0, 5*n + g + 213 = 0. What is the units digit of (-3 - 1) + n/(-2)?
7
Suppose c + 3*p + 0*p - 16 = 0, -2*p + 8 = -2*c. What is the units digit of (-9)/c*(-2)/6 + 48?
1
Let c(h) = -6*h - 33. Let v be c(-6). Suppose v*b = 316 + 503. What is the units digit of b?
3
Let n(v) = -103 - 2*v**2 + 31*v + 103. What is the hundreds digit of n(9)?
1
Suppose -2*f + r + 3*r = -2010, 0 = -2*f - 5*r + 2010. What is the thousands digit of f?
1
Let s(f) = 3*f**3 - 7*f**2 + 5*f + 4. Let d be s(5). Suppose v + 2*v = -p + 61, -4*p + 3*v = -d. What is the tens digit of p?
5
Suppose 0 = -3*f + 113 + 7. Suppose 3*s = 2*t - 145, 3*t - 4*t = 4*s - 45. Let m = t - f. What is the tens digit of m?
2
Let y = 19 + 78. Suppose -x = 3*h - 57 - 20, y = 3*h - 4*x. What is the units digit of h?
7
Let k = 755 + 565. What is the thousands digit of k?
1
Suppose 2*r + 434 = 3*j, 4*j - 4*r = 8*j - 572. Suppose -j*q - 336 = -147*q. What is the tens digit of q?
1
Let f = -135 - -139. What is the hundreds digit of -5 - (-2)/f*286?
1
Suppose 0 = -15*o + 11*o + 2*x + 552, -423 = -3*o - 3*x. What is the tens digit of o?
3
Let y(t) = -t**3 + 32*t**2 - 85*t - 43. What is the tens digit of y(29)?
1
Let y = -67 + 79. Suppose 3721 = y*o + 1153. What is the hundreds digit of o?
2
Suppose 0 = -5*p + 22 + 8. Suppose 0 = -5*c - 4*t + 1960, -5*c + 1985 = 15*t - 16*t. Suppose -3*z = p*z - c. What is the units digit of z?
4
Let l = 622 - 312. What is the units digit of l?
0
Suppose 5*n + 2*i = 7558, 788 + 2236 = 2*n + i. What is the tens digit of n?
1
Let m(s) = 6*s - 4. Let z be m(-3). Let q = -18 - z. Suppose q*x + 35 = 131. What is the tens digit of x?
2
Let z(v) be the second derivative of -v**6/360 + v**5/120 + 9*v**4/4 - v**3/6 + 9*v. Let m(r) be the second derivative of z(r). What is the tens digit of m(0)?
5
Let v(j) = j**2 + 14*j + 5. Let x be v(-14). Suppose -3 = l, -4*l - x - 22 = -5*p. Suppose -13 = p*m - 103. What is the units digit of m?
0
Let h(y) = y**3 + 5*y**2 + 3*y - 11. Let k be h(-4). Let m(w) = w**3 + 10*w**2 + 13*w + 6. What is the tens digit of m(k)?
6
Let l(c) = -c**3 - 3*c**2 + 6*c + 4. Let n be l(-5). Let k = n - 18. Suppose k*s - 55 = s. What is the units digit of s?
1
Suppose 3*u + 1841 - 4721 = 0. What is the hundreds digit of u?
9
Suppose 3*c - 5*o + 0*o + 1312 = 0, -c - 436 = -3*o. Let z = -245 - c. What is the tens digit of z?
9
Let v(b) = 10*b**3 + 5*b**2 - 8*b + 11. What is the tens digit of v(2)?
9
Suppose 0 = 4*b - 5*o + 81, -2*b - 3*o - 3 = 2*o. Let m be (-33)/(-22) + b/4. What is the units digit of -3 - 0 - (m - 9)?
8
Let q(d) = 322*d + 127. What is the hundreds digit of q(9)?
0
Let v(x) = 10*x**2 - 18*x + 29. What is the thousand